{"id":3388,"date":"2025-03-07T15:36:07","date_gmt":"2025-03-07T18:36:07","guid":{"rendered":"https:\/\/isp24-sfe.infd.edu.ar\/sitio\/?page_id=3388"},"modified":"2026-02-27T20:36:45","modified_gmt":"2026-02-27T23:36:45","slug":"reinscripcion-2025","status":"publish","type":"page","link":"https:\/\/isp24-sfe.infd.edu.ar\/sitio\/reinscripcion-2025\/","title":{"rendered":"REINSCRIPCI\u00d3N  2026"},"content":{"rendered":"\n<p><\/p>\n\n\n\n<p>CICLO LECTIVO 2026<\/p>\n\n\n\n<p>Comenzamos con la re-inscripci\u00f3n a los cursos de 2\u00ba a 4\u00ba a\u00f1o (Profesorados), de 2\u00ba y 3\u00ba a\u00f1o (Tecnicaturas) y para recursar unidades curriculares de primer a\u00f1o.<\/p>\n\n\n\n<p>Los alumnos deber\u00e1n ingresar al link de su carrera y descargar e imprimir por duplicado el formulario correspondiente. Luego deber\u00e1 completar&nbsp;en forma clara teniendo en cuenta cada uno de los casilleros. Una vez completado y firmado deber\u00e1 presentarlo en la fecha, horario y lugar correspondiente junto al valor voluntario de cooperadora, seg\u00fan el siguiente cronograma:<\/p>\n\n\n\n<ul>\n<li>9\/3 <strong>Tecnicatura en Alimentos <\/strong>y <strong>Tecnicatura en Recursos Humanos  <\/strong>sede de 18:30 a 20:30 hs. Pablo Iglesias 2225<\/li>\n\n\n\n<li>9\/3 y 10\/3 <strong><u>Tecnicatura en Higiene Cab\u00edn<\/u><\/strong> de 18:30 a 20:30 hs. Omb\u00fa 306 <\/li>\n\n\n\n<li>12 y 13\/3 <strong><u>Tecnicatura en Higiene Sede  <\/u><\/strong>de 18:30 a 20:30 hs. Pablo Iglesias 2225<\/li>\n\n\n\n<li>11\/3 <strong><u>Profesorado Educaci\u00f3n Inicial <\/u><\/strong> de 18:30 a 20:30 hs. San Diego 1056<\/li>\n\n\n\n<li>11\/3 <strong>Tecnicatura en Log\u00edstica y Gesti\u00f3n <\/strong>de 18:30 a 20:30 hs. Pablo Iglesias 2225<\/li>\n\n\n\n<li>12\/\/3 <strong><u>Profesorado de Educaci\u00f3n Tecnol\u00f3gica<\/u><\/strong> de 18:30 a 20:30 hs. en San Diego 1056 (Teodelina) <\/li>\n\n\n\n<li>10\/3 <strong><u>Profesorado de Educaci\u00f3n Primaria Tarde <\/u><\/strong>de 14 a 16 hs en San Diego 1056 (Teodelina)<\/li>\n\n\n\n<li>10\/3 <strong><u>Profesorado de Educaci\u00f3n Primaria Noche<\/u><\/strong> de 18:30 a 20:30 hs. San Diego 1056 (Teodelina)<\/li>\n<\/ul>\n\n\n\n<p><strong><u>Link de Formulario de cada carrera:<\/u><\/strong><\/p>\n\n\n\n<ul>\n<li><a href=\"https:\/\/drive.google.com\/file\/d\/1S3bMHsShOC0d2xaE7E2cfxyzxULVbw7Z\/view?usp=sharing\">REINSCRIPCI\u00d3N &#8211; PROF.EDUC.PRIMARIA- TURNO TARDE- 2026<\/a><\/li>\n\n\n\n<li><a href=\"https:\/\/drive.google.com\/file\/d\/1IT6cSorOpItzT0K0XfAAIrirq7yaYZeL\/view?usp=sharing\">REINSCRIPCI\u00d3N &#8211; PROF. EDUC. PRIMARIA- TURNO VESPERTINO<\/a><\/li>\n\n\n\n<li><a href=\"https:\/\/drive.google.com\/file\/d\/1Mb3Y5XHJkwSawzNcznJ2ewza_qFwW8ZF\/view?usp=sharing\">REINSCRIPCI\u00d3N &#8211; PROF.EDUC. INICIAL &#8211; 2026<\/a><\/li>\n\n\n\n<li><a href=\"https:\/\/drive.google.com\/file\/d\/1HEaIvWvhHHRq22oUmxEliT4GENYrivM6\/view?usp=sharing\">REINSCRIPCI\u00d3N &#8211; PROF.EDUC.TECNOL\u00d3GICA-2026<\/a><\/li>\n\n\n\n<li><a href=\"https:\/\/drive.google.com\/file\/d\/1CrKtvhJZQTdMbFMXnSPdc_KUBzB1zjpH\/view?usp=sharing\" data-type=\"URL\" data-id=\"https:\/\/drive.google.com\/file\/d\/1CrKtvhJZQTdMbFMXnSPdc_KUBzB1zjpH\/view?usp=sharing\">REINSCRIPCI\u00d2N &#8211; GESTI\u00d2N DE LAS ORGANIZACIONES-2026<\/a><\/li>\n\n\n\n<li><a href=\"https:\/\/drive.google.com\/file\/d\/1SWfvJszcJKl_WsHL5P9K2EtZixsFgrDY\/view?usp=sharing\">REINSCRIPCI\u00d3N &#8211; TEC. SUP. ALIMENTOS- 2026<\/a><\/li>\n\n\n\n<li><a href=\"https:\/\/drive.google.com\/file\/d\/1A2EVoK6MSTqXQG60MjIfE57ewH6wZhHd\/view?usp=sharing\">REINSCRIPCI\u00d2N -TEC.SUP. LOGISTICA-2026<\/a><\/li>\n\n\n\n<li><a href=\"https:\/\/drive.google.com\/file\/d\/1bB2t2ofibsblJp00m4b3-ojKS0U5IzPk\/view?usp=sharing\">REINCRIPCI\u00d3N- TEC. SUP. H Y SEG. TRAB. SEDE VGG-2026<\/a><\/li>\n\n\n\n<li><a href=\"https:\/\/drive.google.com\/file\/d\/1gAvnfMlgLX30at6OKhYdc2cYTIXA3AJs\/view?usp=sharing\">REINSCRIPCI\u00d3N- TEC. SUP. HYST &#8211; CAB\u00cdN 9 &#8211; 2026<\/a><\/li>\n\n\n\n<li><a href=\"https:\/\/drive.google.com\/file\/d\/1cWjdXTRFGbkWZ0GOBKQxfFINZMShdoy_\/view?usp=sharing\">REINSCRIPCI\u00d3N &#8211; TEC. SUP. RECURSOS HUMANOS  -2026 &#8211;<\/a><\/li>\n<\/ul>\n\n\n\n<p><strong><u>VALOR ANUAL DE LA COOPERADORA: $35.000<\/u><\/strong><\/p>\n\n\n\n<p><strong>RECORDAR: QUE, SI&nbsp;EL ESTUDIANTE SE INSCRIBE EN UNA UNIDAD CURRICULAR QUE YA ES REGULAR, PIERDE DICHA REGULARIDAD Y DEBER\u00c1 CURSARLA NUEVAMENTE.&nbsp;<\/strong><strong><\/strong><\/p>\n","protected":false},"excerpt":{"rendered":"<p>CICLO LECTIVO 2026 Comenzamos con la re-inscripci\u00f3n a los cursos de 2\u00ba a 4\u00ba a\u00f1o (Profesorados), de 2\u00ba y 3\u00ba a\u00f1o (Tecnicaturas) y para recursar unidades curriculares de primer a\u00f1o. Los alumnos deber\u00e1n ingresar al link de su carrera y descargar e imprimir por duplicado el formulario correspondiente. Luego deber\u00e1 completar&nbsp;en forma clara teniendo en &#8230; <a title=\"REINSCRIPCI\u00d3N  2026\" class=\"read-more\" href=\"https:\/\/isp24-sfe.infd.edu.ar\/sitio\/reinscripcion-2025\/\" aria-label=\"More on REINSCRIPCI\u00d3N  2026\">[+]<\/a><\/p>\n","protected":false},"author":257,"featured_media":0,"parent":0,"menu_order":0,"comment_status":"closed","ping_status":"closed","template":"","meta":[],"acf":[],"_links":{"self":[{"href":"https:\/\/isp24-sfe.infd.edu.ar\/sitio\/wp-json\/wp\/v2\/pages\/3388"}],"collection":[{"href":"https:\/\/isp24-sfe.infd.edu.ar\/sitio\/wp-json\/wp\/v2\/pages"}],"about":[{"href":"https:\/\/isp24-sfe.infd.edu.ar\/sitio\/wp-json\/wp\/v2\/types\/page"}],"author":[{"embeddable":true,"href":"https:\/\/isp24-sfe.infd.edu.ar\/sitio\/wp-json\/wp\/v2\/users\/257"}],"replies":[{"embeddable":true,"href":"https:\/\/isp24-sfe.infd.edu.ar\/sitio\/wp-json\/wp\/v2\/comments?post=3388"}],"version-history":[{"count":17,"href":"https:\/\/isp24-sfe.infd.edu.ar\/sitio\/wp-json\/wp\/v2\/pages\/3388\/revisions"}],"predecessor-version":[{"id":3508,"href":"https:\/\/isp24-sfe.infd.edu.ar\/sitio\/wp-json\/wp\/v2\/pages\/3388\/revisions\/3508"}],"wp:attachment":[{"href":"https:\/\/isp24-sfe.infd.edu.ar\/sitio\/wp-json\/wp\/v2\/media?parent=3388"}],"curies":[{"name":"wp","href":"https:\/\/api.w.org\/{rel}","templated":true}]}}